78?
2, 821, 1103, 1303
What are the prime factors of 76940922?
2, 3, 12823487
List the prime factors of 66494697.
3, 61, 363359
List the prime factors of 871912652.
2, 13, 281, 59671
What are the prime factors of 1177166227?
61, 19297807
What are the prime factors of 35834967?
3, 7, 21067
List the prime factors of 65616500.
2, 5, 19, 6907
What are the prime factors of 4671453?
3, 1557151
What are the prime factors of 3719537402?
2, 7, 239, 1111637
What are the prime factors of 200766988?
2, 2297, 21851
What are the prime factors of 521735115?
3, 5, 11, 31, 102001
List the prime factors of 625365672.
2, 3, 17, 67, 22877
List the prime factors of 614966708.
2, 41, 193, 19429
List the prime factors of 341325048.
2, 3, 17, 787, 1063
List the prime factors of 35277645.
3, 5, 13, 131, 1381
List the prime factors of 11391370.
2, 5, 233, 4889
List the prime factors of 38659050.
2, 3, 5, 85909
What are the prime factors of 106794320?
2, 5, 401, 3329
What are the prime factors of 354365659?
643, 551113
List the prime factors of 2655305149.
7, 54189901
What are the prime factors of 4331154346?
2, 107, 20239039
What are the prime factors of 490821699?
3, 19, 67, 128521
What are the prime factors of 58976815?
5, 593, 19891
What are the prime factors of 2101574713?
7, 1451, 206909
What are the prime factors of 36980465?
5, 191, 38723
What are the prime factors of 8411320?
2, 5, 210283
List the prime factors of 96220323.
3, 17, 83, 7577
List the prime factors of 364479897.
3, 223, 544813
List the prime factors of 22165543.
41, 67, 8069
List the prime factors of 468938195.
5, 11, 59, 144511
List the prime factors of 404462948.
2, 101115737
List the prime factors of 61156933.
3631, 16843
List the prime factors of 17932202.
2, 8966101
What are the prime factors of 37725617?
41, 920137
List the prime factors of 1639353078.
2, 3, 11, 17, 28649
What are the prime factors of 7090412196?
2, 3, 7, 84409669
What are the prime factors of 3764971922?
2, 29, 64913309
What are the prime factors of 348190599?
3, 19, 6108607
List the prime factors of 264578477.
19, 2659, 5237
List the prime factors of 3640084879.
139, 26187661
List the prime factors of 3848501383.
59, 2797, 23321
List the prime factors of 86321132.
2, 21580283
List the prime factors of 593125188.
2, 3, 41, 1205539
List the prime factors of 4045159.
31, 130489
What are the prime factors of 1259314238?
2, 7, 13, 53, 130553
List the prime factors of 18249834.
2, 3, 701, 4339
List the prime factors of 140755291.
17, 317, 26119
List the prime factors of 1233291503.
17, 53, 1368803
List the prime factors of 100184699.
211, 474809
List the prime factors of 530984432.
2, 11, 29, 104033
List the prime factors of 466177994.
2, 271, 860107
What are the prime factors of 1996817986?
2, 3313, 301361
List the prime factors of 6673380488.
2, 19, 1423, 30853
List the prime factors of 5571208.
2, 109, 6389
List the prime factors of 624480955.
5, 7, 17842313
List the prime factors of 3396953217.
3, 7, 4817, 33581
What are the prime factors of 877242184?
2, 7, 13, 661, 1823
List the prime factors of 104665030.
2, 5, 10466503
List the prime factors of 1183229868.
2, 3, 98602489
What are the prime factors of 8578868112?
2, 3, 2206499
List the prime factors of 5425169380.
2, 5, 271258469
List the prime factors of 1045916246.
2, 59, 8863697
List the prime factors of 35879586.
2, 3, 23, 31, 8387
What are the prime factors of 1030926898?
2, 83, 269, 23087
List the prime factors of 310376259.
3, 17, 83, 8147
List the prime factors of 294286934.
2, 19, 7744393
What are the prime factors of 41248886?
2, 7, 19, 22153
List the prime factors of 23490885.
3, 5, 11, 142369
List the prime factors of 4663331967.
3, 7, 222063427
What are the prime factors of 2171698439?
17, 127746967
What are the prime factors of 123786786?
2, 3, 19, 701, 1549
List the prime factors of 76024804.
2, 59, 322139
What are the prime factors of 111943682?
2, 55971841
List the prime factors of 52584739.
23, 2286293
List the prime factors of 30580725.
3, 5, 7, 31, 1879
What are the prime factors of 47119892?
2, 11779973
What are the prime factors of 2009536751?
26357, 76243
List the prime factors of 43568243.
43568243
What are the prime factors of 3072688180?
2, 5, 359, 427951
List the prime factors of 19463454.
2, 3, 1081303
List the prime factors of 647644567.
23029, 28123
List the prime factors of 32730593.
7, 17, 275047
What are the prime factors of 228839878?
2, 59, 97, 19993
What are the prime factors of 6094865380?
2, 5, 53, 67, 85819
List the prime factors of 125318013.
3, 41772671
List the prime factors of 14916805.
5, 19, 157019
What are the prime factors of 103457431?
7, 11, 53, 101, 251
List the prime factors of 241512375.
3, 5, 13, 107, 463
List the prime factors of 3551452695.
3, 5, 7, 1252717
What are the prime factors of 1963533537?
3, 7, 29, 153533
List the prime factors of 116844374.
2, 233, 250739
What are the prime factors of 2772377244?
2, 3, 7, 13, 31, 27299
What are the prime factors of 124844981?
124844981
List the prime factors of 65210168.
2, 8151271
What are the prime factors of 12692570?
2, 5, 11, 19, 6073
List the prime factors of 467869696.
2, 7, 41, 199
What are the prime factors of 2004851341?
73, 27463717
What are the prime factors of 579407332?
2, 7, 359, 57641
What are the prime factors of 858691000?
2, 5, 858691
List the prime factors of 108252926.
2, 54126463
What are the prime factors of 35828154?
2, 3, 1990453
What are the prime factors of 18959519?
103, 184073
What are the prime factors of 444802486?
2, 12721, 17483
List the prime factors of 368628905.
5, 31, 1259, 1889
List the prime factors of 241610645.
5, 48322129
List the prime factors of 1821453837.
3, 7, 29, 2990893
List the prime factors of 975098880.
2, 3, 5, 7, 3023
List the prime factors of 316434512.
2, 19, 83, 12541
List the prime factors of 1444876481.
103, 379, 37013
List the prime factors of 977781044.
2, 17, 31, 47, 71, 139
What are the prime factors of 707857527?
3, 13, 199, 223, 409
What are the prime factors of 265361521?
37, 7171933
What are the prime factors of 310193450?
2, 5, 7, 853, 1039
What are the prime factors of 81861683?
81861683
What are the prime factors of 2565245806?
2, 47, 659, 41411
What are the prime factors of 4910664087?
3, 7, 37, 2106677
List the prime factors of 627374507.
83, 409, 18481
What are the prime factors of 2339121983?
11, 131, 1623263
What are the prime factors of 429350750?
2, 5, 991, 1733
List the prime factors of 99475125.
3, 5, 31, 43, 199
List the prime factors of 108501294.
2, 3, 11, 1643959
What are the prime factors of 187689839?
1061, 176899
What are the prime factors of 5065946471?
73, 1429, 48563
What are the prime factors of 372079949?
31, 12002579
What are the prime factors of 168745618?
2, 23, 3668383
List the prime factors of 3717088.
2, 116159
What are the prime factors of 25260626?
2, 12630313
List the prime factors of 1761385084.
2, 1621, 271651
List the prime factors of 111612480.
2, 3, 5, 7, 17, 977
List the prime factors of 380374680.
2, 3, 5, 7, 19, 23833
What are the prime factors of 43768876?
2, 139, 78721
List the prime factors of 2332836016.
2, 7, 17, 67, 18287
List the prime factors of 724150854.
2, 3, 7, 638581
List the prime factors of 83282589.
3, 13, 711817
What are the prime factors of 174955667?
19, 47, 195919
List the prime factors of 3518224.
2, 219889
What are the prime factors of 52904045?
5, 10580809
List the prime factors of 3285877312.
2, 51341833
What are the prime factors of 212192608?
2, 19, 263, 1327
What are the prime factors of 5842306293?
3, 61, 5197, 6143
List the prime factors of 6569671070.
2, 5, 2659, 247073
What are the prime factors of 229585258?
2, 7, 16398947
List the prime factors of 397655693.
19, 31, 59, 11443
What are the prime factors of 282779066?
2, 23, 267277
List the prime factors of 136514444.
2, 11, 3102601
What are the prime factors of 33052826?
2, 401, 41213
List the prime factors of 113922149.
11, 37, 41, 6827
What are the prime factors of 6562544703?
3, 11, 13, 15297307
What are the prime factors of 9236475?
3, 5, 41051
What are the prime factors of 8897331?
3, 2965777
List the prime factors of 748112058.
2, 3, 13853927
List the prime factors of 8927529